{"id":19,"date":"2021-04-08T10:57:25","date_gmt":"2021-04-08T08:57:25","guid":{"rendered":"https:\/\/djedmounka-yoga.com\/?page_id=19"},"modified":"2022-08-16T19:51:26","modified_gmt":"2022-08-16T17:51:26","slug":"yoga-des-pharaons","status":"publish","type":"page","link":"https:\/\/djedmounka-yoga.com\/","title":{"rendered":"Djedmoun Ka Yoga des Pharaons"},"content":{"rendered":"\t\t<div data-elementor-type=\"wp-page\" data-elementor-id=\"19\" class=\"elementor elementor-19\">\n\t\t\t\t\t\t<section class=\"elementor-section elementor-top-section elementor-element elementor-element-c4faaa5 elementor-section-boxed elementor-section-height-default elementor-section-height-default\" data-id=\"c4faaa5\" data-element_type=\"section\">\n\t\t\t\t\t\t<div class=\"elementor-container elementor-column-gap-default\">\n\t\t\t\t\t<div class=\"elementor-column elementor-col-100 elementor-top-column elementor-element elementor-element-26338dd\" data-id=\"26338dd\" data-element_type=\"column\">\n\t\t\t<div class=\"elementor-widget-wrap elementor-element-populated\">\n\t\t\t\t\t\t<div class=\"elementor-element elementor-element-902a090 elementor-widget elementor-widget-text-editor\" data-id=\"902a090\" data-element_type=\"widget\" data-widget_type=\"text-editor.default\">\n\t\t\t\t<div class=\"elementor-widget-container\">\n\t\t\t\t\t\t\t<h1><span style=\"color: #00ccff;\"><strong>Yoga de la verticalit\u00e9 :<\/strong><\/span><\/h1><h5><strong><span style=\"color: #000000;\">Les \u00e9l\u00e9ments ext\u00e9rieurs comptent peu. Le vrai temple est int\u00e9rieur, la vraie posture est la posture int\u00e9rieure.<\/span><\/strong><\/h5><p><strong>\u00a0 \u00a0 \u00a0 \u00a0 \u00a0 \u00a0 \u00a0 \u00a0 \u00a0 \u00a0 \u00a0 \u00a0 \u00a0 \u00a0 \u00a0 \u00a0 \u00a0<\/strong> \u00a0 \u00a0 \u00a0 \u00a0 \u00a0 \u00a0 \u00a0 \u00a0 \u00a0 \u00a0 \u00a0 \u00a0 \u00a0 \u00a0 \u00a0 \u00a0 \u00a0 \u00a0 \u00a0 \u00a0 \u00a0 \u00a0 \u00a0 \u00a0 \u00a0 \u00a0 \u00a0 \u00a0 \u00a0 \u00a0 \u00a0 \u00a0 \u00a0 \u00a0 \u00a0 \u00a0 \u00a0 \u00a0 \u00a0 \u00a0 \u00a0 \u00a0 \u00a0 \u00a0 \u00a0 \u00a0\u00ab\u00a0G\u00e9nevi\u00e8ve et Babacar Khane\u00a0\u00bb<\/p>\t\t\t\t\t\t<\/div>\n\t\t\t\t<\/div>\n\t\t\t\t\t<\/div>\n\t\t<\/div>\n\t\t\t\t\t<\/div>\n\t\t<\/section>\n\t\t\t\t<section class=\"elementor-section elementor-top-section elementor-element elementor-element-d9ef0ab elementor-section-boxed elementor-section-height-default elementor-section-height-default\" data-id=\"d9ef0ab\" data-element_type=\"section\">\n\t\t\t\t\t\t<div class=\"elementor-container elementor-column-gap-default\">\n\t\t\t\t\t<div class=\"elementor-column elementor-col-50 elementor-top-column elementor-element elementor-element-da87abd\" data-id=\"da87abd\" data-element_type=\"column\">\n\t\t\t<div class=\"elementor-widget-wrap elementor-element-populated\">\n\t\t\t\t\t\t<div class=\"elementor-element elementor-element-4de9fab elementor-widget elementor-widget-image\" data-id=\"4de9fab\" data-element_type=\"widget\" data-widget_type=\"image.default\">\n\t\t\t\t<div class=\"elementor-widget-container\">\n\t\t\t\t\t\t\t\t\t\t\t\t\t<img fetchpriority=\"high\" decoding=\"async\" width=\"760\" height=\"1115\" src=\"https:\/\/djedmounka-yoga.com\/wp-content\/uploads\/2022\/08\/POSTURE-DU-KA-Monique-16-08-2022-768x1127.jpg\" class=\"attachment-medium_large size-medium_large wp-image-2907\" alt=\"\" srcset=\"https:\/\/djedmounka-yoga.com\/wp-content\/uploads\/2022\/08\/POSTURE-DU-KA-Monique-16-08-2022-768x1127.jpg 768w, https:\/\/djedmounka-yoga.com\/wp-content\/uploads\/2022\/08\/POSTURE-DU-KA-Monique-16-08-2022-204x300.jpg 204w, https:\/\/djedmounka-yoga.com\/wp-content\/uploads\/2022\/08\/POSTURE-DU-KA-Monique-16-08-2022-698x1024.jpg 698w, https:\/\/djedmounka-yoga.com\/wp-content\/uploads\/2022\/08\/POSTURE-DU-KA-Monique-16-08-2022-1046x1536.jpg 1046w, https:\/\/djedmounka-yoga.com\/wp-content\/uploads\/2022\/08\/POSTURE-DU-KA-Monique-16-08-2022-1395x2048.jpg 1395w, https:\/\/djedmounka-yoga.com\/wp-content\/uploads\/2022\/08\/POSTURE-DU-KA-Monique-16-08-2022-scaled.jpg 1744w\" sizes=\"(max-width: 760px) 100vw, 760px\" \/>\t\t\t\t\t\t\t\t\t\t\t\t\t<\/div>\n\t\t\t\t<\/div>\n\t\t\t\t\t<\/div>\n\t\t<\/div>\n\t\t\t\t<div class=\"elementor-column elementor-col-50 elementor-top-column elementor-element elementor-element-cc55959\" data-id=\"cc55959\" data-element_type=\"column\">\n\t\t\t<div class=\"elementor-widget-wrap elementor-element-populated\">\n\t\t\t\t\t\t<div class=\"elementor-element elementor-element-85c91a1 elementor-widget elementor-widget-image\" data-id=\"85c91a1\" data-element_type=\"widget\" data-widget_type=\"image.default\">\n\t\t\t\t<div class=\"elementor-widget-container\">\n\t\t\t\t\t\t\t\t\t\t\t\t\t<img decoding=\"async\" width=\"1024\" height=\"1536\" src=\"https:\/\/djedmounka-yoga.com\/wp-content\/uploads\/2022\/08\/PHOTO-POSTURE-YOGA-16-08-2022-1024x1536.jpg\" class=\"attachment-1536x1536 size-1536x1536 wp-image-2914\" alt=\"\" srcset=\"https:\/\/djedmounka-yoga.com\/wp-content\/uploads\/2022\/08\/PHOTO-POSTURE-YOGA-16-08-2022-1024x1536.jpg 1024w, https:\/\/djedmounka-yoga.com\/wp-content\/uploads\/2022\/08\/PHOTO-POSTURE-YOGA-16-08-2022-200x300.jpg 200w, https:\/\/djedmounka-yoga.com\/wp-content\/uploads\/2022\/08\/PHOTO-POSTURE-YOGA-16-08-2022-682x1024.jpg 682w, https:\/\/djedmounka-yoga.com\/wp-content\/uploads\/2022\/08\/PHOTO-POSTURE-YOGA-16-08-2022-768x1152.jpg 768w, https:\/\/djedmounka-yoga.com\/wp-content\/uploads\/2022\/08\/PHOTO-POSTURE-YOGA-16-08-2022.jpg 1181w\" sizes=\"(max-width: 1024px) 100vw, 1024px\" \/>\t\t\t\t\t\t\t\t\t\t\t\t\t<\/div>\n\t\t\t\t<\/div>\n\t\t\t\t\t<\/div>\n\t\t<\/div>\n\t\t\t\t\t<\/div>\n\t\t<\/section>\n\t\t\t\t<\/div>\n\t\t","protected":false},"excerpt":{"rendered":"<p>Yoga de la verticalit\u00e9 : Les \u00e9l\u00e9ments ext\u00e9rieurs comptent peu. Le vrai temple est int\u00e9rieur, la vraie posture est la posture int\u00e9rieure. \u00a0 \u00a0 \u00a0 \u00a0 \u00a0 \u00a0 \u00a0 &hellip;<\/p>\n","protected":false},"author":1,"featured_media":0,"parent":0,"menu_order":0,"comment_status":"closed","ping_status":"closed","template":"","meta":[],"yoast_head":"<!-- This site is optimized with the Yoast SEO plugin v21.1 - https:\/\/yoast.com\/wordpress\/plugins\/seo\/ -->\n<title>Djedmoun Ka Yoga des Pharaons - djedmounka yoga<\/title>\n<meta name=\"robots\" content=\"index, follow, max-snippet:-1, max-image-preview:large, max-video-preview:-1\" \/>\n<link rel=\"canonical\" href=\"https:\/\/djedmounka-yoga.com\/\" \/>\n<meta property=\"og:locale\" content=\"fr_FR\" \/>\n<meta property=\"og:type\" content=\"article\" \/>\n<meta property=\"og:title\" content=\"Djedmoun Ka Yoga des Pharaons - djedmounka yoga\" \/>\n<meta property=\"og:description\" content=\"Yoga de la verticalit\u00e9 : Les \u00e9l\u00e9ments ext\u00e9rieurs comptent peu. Le vrai temple est int\u00e9rieur, la vraie posture est la posture int\u00e9rieure. \u00a0 \u00a0 \u00a0 \u00a0 \u00a0 \u00a0 \u00a0 &hellip;\" \/>\n<meta property=\"og:url\" content=\"https:\/\/djedmounka-yoga.com\/\" \/>\n<meta property=\"og:site_name\" content=\"djedmounka yoga\" \/>\n<meta property=\"article:modified_time\" content=\"2022-08-16T17:51:26+00:00\" \/>\n<meta property=\"og:image\" content=\"https:\/\/djedmounka-yoga.com\/wp-content\/uploads\/2022\/08\/POSTURE-DU-KA-Monique-16-08-2022-768x1127.jpg\" \/>\n<meta name=\"twitter:card\" content=\"summary_large_image\" \/>\n<meta name=\"twitter:label1\" content=\"Dur\u00e9e de lecture estim\u00e9e\" \/>\n\t<meta name=\"twitter:data1\" content=\"1 minute\" \/>\n<script type=\"application\/ld+json\" class=\"yoast-schema-graph\">{\"@context\":\"https:\/\/schema.org\",\"@graph\":[{\"@type\":\"WebPage\",\"@id\":\"https:\/\/djedmounka-yoga.com\/\",\"url\":\"https:\/\/djedmounka-yoga.com\/\",\"name\":\"Djedmoun Ka Yoga des Pharaons - djedmounka yoga\",\"isPartOf\":{\"@id\":\"https:\/\/djedmounka-yoga.com\/#website\"},\"datePublished\":\"2021-04-08T08:57:25+00:00\",\"dateModified\":\"2022-08-16T17:51:26+00:00\",\"breadcrumb\":{\"@id\":\"https:\/\/djedmounka-yoga.com\/#breadcrumb\"},\"inLanguage\":\"fr-FR\",\"potentialAction\":[{\"@type\":\"ReadAction\",\"target\":[\"https:\/\/djedmounka-yoga.com\/\"]}]},{\"@type\":\"BreadcrumbList\",\"@id\":\"https:\/\/djedmounka-yoga.com\/#breadcrumb\",\"itemListElement\":[{\"@type\":\"ListItem\",\"position\":1,\"name\":\"Accueil\",\"item\":\"https:\/\/djedmounka-yoga.com\/\"},{\"@type\":\"ListItem\",\"position\":2,\"name\":\"Djedmoun Ka Yoga des Pharaons\"}]},{\"@type\":\"WebSite\",\"@id\":\"https:\/\/djedmounka-yoga.com\/#website\",\"url\":\"https:\/\/djedmounka-yoga.com\/\",\"name\":\"djedmounka yoga\",\"description\":\"Djedmoun Ka Yoga des Pharaons\",\"publisher\":{\"@id\":\"https:\/\/djedmounka-yoga.com\/#organization\"},\"potentialAction\":[{\"@type\":\"SearchAction\",\"target\":{\"@type\":\"EntryPoint\",\"urlTemplate\":\"https:\/\/djedmounka-yoga.com\/?s={search_term_string}\"},\"query-input\":\"required name=search_term_string\"}],\"inLanguage\":\"fr-FR\"},{\"@type\":\"Organization\",\"@id\":\"https:\/\/djedmounka-yoga.com\/#organization\",\"name\":\"djedmounka yoga\",\"url\":\"https:\/\/djedmounka-yoga.com\/\",\"logo\":{\"@type\":\"ImageObject\",\"inLanguage\":\"fr-FR\",\"@id\":\"https:\/\/djedmounka-yoga.com\/#\/schema\/logo\/image\/\",\"url\":\"https:\/\/djedmounka-yoga.com\/wp-content\/uploads\/2021\/05\/cropped-LOGO-DENFINITIF-DJEDMOUN-KA-YOGA-DES-PHARAONS-OK.png\",\"contentUrl\":\"https:\/\/djedmounka-yoga.com\/wp-content\/uploads\/2021\/05\/cropped-LOGO-DENFINITIF-DJEDMOUN-KA-YOGA-DES-PHARAONS-OK.png\",\"width\":2435,\"height\":2424,\"caption\":\"djedmounka yoga\"},\"image\":{\"@id\":\"https:\/\/djedmounka-yoga.com\/#\/schema\/logo\/image\/\"}}]}<\/script>\n<!-- \/ Yoast SEO plugin. -->","yoast_head_json":{"title":"Djedmoun Ka Yoga des Pharaons - djedmounka yoga","robots":{"index":"index","follow":"follow","max-snippet":"max-snippet:-1","max-image-preview":"max-image-preview:large","max-video-preview":"max-video-preview:-1"},"canonical":"https:\/\/djedmounka-yoga.com\/","og_locale":"fr_FR","og_type":"article","og_title":"Djedmoun Ka Yoga des Pharaons - djedmounka yoga","og_description":"Yoga de la verticalit\u00e9 : Les \u00e9l\u00e9ments ext\u00e9rieurs comptent peu. Le vrai temple est int\u00e9rieur, la vraie posture est la posture int\u00e9rieure. \u00a0 \u00a0 \u00a0 \u00a0 \u00a0 \u00a0 \u00a0 &hellip;","og_url":"https:\/\/djedmounka-yoga.com\/","og_site_name":"djedmounka yoga","article_modified_time":"2022-08-16T17:51:26+00:00","og_image":[{"url":"https:\/\/djedmounka-yoga.com\/wp-content\/uploads\/2022\/08\/POSTURE-DU-KA-Monique-16-08-2022-768x1127.jpg"}],"twitter_card":"summary_large_image","twitter_misc":{"Dur\u00e9e de lecture estim\u00e9e":"1 minute"},"schema":{"@context":"https:\/\/schema.org","@graph":[{"@type":"WebPage","@id":"https:\/\/djedmounka-yoga.com\/","url":"https:\/\/djedmounka-yoga.com\/","name":"Djedmoun Ka Yoga des Pharaons - djedmounka yoga","isPartOf":{"@id":"https:\/\/djedmounka-yoga.com\/#website"},"datePublished":"2021-04-08T08:57:25+00:00","dateModified":"2022-08-16T17:51:26+00:00","breadcrumb":{"@id":"https:\/\/djedmounka-yoga.com\/#breadcrumb"},"inLanguage":"fr-FR","potentialAction":[{"@type":"ReadAction","target":["https:\/\/djedmounka-yoga.com\/"]}]},{"@type":"BreadcrumbList","@id":"https:\/\/djedmounka-yoga.com\/#breadcrumb","itemListElement":[{"@type":"ListItem","position":1,"name":"Accueil","item":"https:\/\/djedmounka-yoga.com\/"},{"@type":"ListItem","position":2,"name":"Djedmoun Ka Yoga des Pharaons"}]},{"@type":"WebSite","@id":"https:\/\/djedmounka-yoga.com\/#website","url":"https:\/\/djedmounka-yoga.com\/","name":"djedmounka yoga","description":"Djedmoun Ka Yoga des Pharaons","publisher":{"@id":"https:\/\/djedmounka-yoga.com\/#organization"},"potentialAction":[{"@type":"SearchAction","target":{"@type":"EntryPoint","urlTemplate":"https:\/\/djedmounka-yoga.com\/?s={search_term_string}"},"query-input":"required name=search_term_string"}],"inLanguage":"fr-FR"},{"@type":"Organization","@id":"https:\/\/djedmounka-yoga.com\/#organization","name":"djedmounka yoga","url":"https:\/\/djedmounka-yoga.com\/","logo":{"@type":"ImageObject","inLanguage":"fr-FR","@id":"https:\/\/djedmounka-yoga.com\/#\/schema\/logo\/image\/","url":"https:\/\/djedmounka-yoga.com\/wp-content\/uploads\/2021\/05\/cropped-LOGO-DENFINITIF-DJEDMOUN-KA-YOGA-DES-PHARAONS-OK.png","contentUrl":"https:\/\/djedmounka-yoga.com\/wp-content\/uploads\/2021\/05\/cropped-LOGO-DENFINITIF-DJEDMOUN-KA-YOGA-DES-PHARAONS-OK.png","width":2435,"height":2424,"caption":"djedmounka yoga"},"image":{"@id":"https:\/\/djedmounka-yoga.com\/#\/schema\/logo\/image\/"}}]}},"_links":{"self":[{"href":"https:\/\/djedmounka-yoga.com\/index.php\/wp-json\/wp\/v2\/pages\/19"}],"collection":[{"href":"https:\/\/djedmounka-yoga.com\/index.php\/wp-json\/wp\/v2\/pages"}],"about":[{"href":"https:\/\/djedmounka-yoga.com\/index.php\/wp-json\/wp\/v2\/types\/page"}],"author":[{"embeddable":true,"href":"https:\/\/djedmounka-yoga.com\/index.php\/wp-json\/wp\/v2\/users\/1"}],"replies":[{"embeddable":true,"href":"https:\/\/djedmounka-yoga.com\/index.php\/wp-json\/wp\/v2\/comments?post=19"}],"version-history":[{"count":173,"href":"https:\/\/djedmounka-yoga.com\/index.php\/wp-json\/wp\/v2\/pages\/19\/revisions"}],"predecessor-version":[{"id":2917,"href":"https:\/\/djedmounka-yoga.com\/index.php\/wp-json\/wp\/v2\/pages\/19\/revisions\/2917"}],"wp:attachment":[{"href":"https:\/\/djedmounka-yoga.com\/index.php\/wp-json\/wp\/v2\/media?parent=19"}],"curies":[{"name":"wp","href":"https:\/\/api.w.org\/{rel}","templated":true}]}}